is divided by 30.
25
Let x = 65 - 12. Suppose -151 = -12*g + x. Calculate the remainder when 49 is divided by g.
15
Suppose 5*b + 21 - 51 = 0, 3*c + b = 27765. What is the remainder when c is divided by 14?
13
Let g(s) = -s**3 - 13*s**2 - 16*s - 34. Let h be g(-12). Let y(w) = w**2 + 3*w - 4. What is the remainder when (7 - 5)*-2 + h is divided by y(-5)?
4
Suppose 57 = 4*k + x, 667 = -2*k + 4*x + 745. Let c = 11 - -50. What is the remainder when c is divided by k?
10
Suppose -5*w - 16 = -4*f, 5*w - 2 = -5*f + 18. Suppose -43 = f*c - 139. Suppose 0 = -c*x + 27*x - 9. What is the remainder when 3 is divided by x?
0
Let y be (48/20)/(-2)*(-20)/3. Let o(t) = 6*t**2 - 41*t - 7. Calculate the remainder when o(y) is divided by 18.
13
Let l = -112 - -112. Suppose 11*v - 3*v - 176 = l. What is the remainder when 80 is divided by v?
14
Suppose -22 = g - 25. Suppose -4*l - 3*c + 19 = -2, -l = -g*c - 24. What is the remainder when (2*(-57)/l)/(3/(-9)) is divided by 20?
18
Suppose 5*f = -p - 4*p + 190, -2*p = -2*f - 56. Suppose 8*i + p - 137 = 0. What is the remainder when 24 is divided by i?
11
Suppose -5340 = 19*m - 233*m + 36*m. Calculate the remainder when 443 is divided by m.
23
Let b(r) = -r**3 + 19*r**2 + 21*r + 16. Suppose 0 = -7*v - 9 + 149. Calculate the remainder when 143 is divided by b(v).
35
What is the remainder when (-108148)/(-190)*10/2 is divided by 39?
38
What is the remainder when -8*4/48*(-4 - 1871) is divided by 299?
54
Let t be (-2)/(2283/381 + -6). Let h = t - 77. What is the remainder when h is divided by 12?
9
Let u be (-436)/(-22) + 12/66. Suppose -4*g + 347 = 5*x - 398, -4*g = u. What is the remainder when x is divided by 2/(-8)*(12/6)/(3/(-186))?
29
Suppose 4*c - 31 = -255. Let l = c - -58. Suppose -l*h - 3*p = -h - 65, 4*h - 312 = p. What is the remainder when h is divided by 28?
21
Let b = -2586 - -2615. What is the remainder when 273 is divided by b?
12
Let j be (-78 - 2)*92/(-10). Suppose 11*x - j = -21*x. Suppose -2*y = -10, 5*y = -d - d + 39. What is the remainder when x is divided by d?
2
Let f(s) = -18*s**2 + 224*s - 28. Calculate the remainder when f(12) is divided by 12.
8
Suppose 22*o - 88 = o + 290. What is the remainder when 585 is divided by o?
9
Let x(p) = -277*p**3 + 2*p**2 + 2*p - 3. Let r be x(1). What is the remainder when 50 is divided by r/(-16) + ((-5)/(-4))/(-5)?
16
Suppose -g = -5*g + 5*m + 10, 0 = g - m - 2. Suppose -4*t + 35 + 9 = g. What is the remainder when 37 is divided by t?
4
Let o(s) = 7*s**2 - 10*s. Let w(z) = -z**3 + 4*z**2 + 5*z + 4. Let x be w(5). Let r be o(x). Let a = 77 - r. What is the remainder when 18 is divided by a?
3
Let u(x) = -2*x**3 + 12*x**2 + 25*x - 84. What is the remainder when 4955 is divided by u(4)?
75
Let p(h) = -h**3 + 9*h**2 - 6*h - 4. Let g be p(8). Let c = -44 - -52. Suppose 548 = -c*s + g*s. Calculate the remainder when s is divided by 35.
32
Let g(p) = -5*p. Let t(b) = -b**2 + 93*b + 1267. Calculate the remainder when t(103) is divided by g(-3).
12
Suppose 0 = m - 16 + 11. Suppose -52 = -m*q + 93. Suppose 2*f + q = -3*y + 6*y, -3*y = -3*f - 33. What is the remainder when 10 is divided by y?
3
Let n = 1041 - 924. Let b(p) = 28*p - 322. What is the remainder when b(16) is divided by n?
9
Suppose -108 = 28*h - 31*h. Suppose -2*y + 8*y - h = 0. Suppose 5*w + 55 - 239 = 3*q, 3*q = y. What is the remainder when w is divided by 14?
10
Let w(g) = -29*g**3 + g**2 - 3*g + 1. Let j be w(1). Let d = j + 18. Let b = d + 55. Calculate the remainder when 171 is divided by b.
42
Let r(u) = 1394*u - 2393. Calculate the remainder when 1594 is divided by r(2).
14
Suppose -3*u + r - 48 = -2*r, -2*u - 44 = 4*r. What is the remainder when 19 is divided by (-1)/((-6)/(-4) - (-33)/u)?
1
Let m be 6 + -6 - (-6 - -26). Let u(s) = -s**3 - 22*s**2 - 38*s + 64. Let x = 42 - -23. Calculate the remainder when x is divided by u(m).
17
Let c(y) = 2*y - 3. Let n be c(4). Let h(f) = f**2 + f - 7. Suppose -3*l + 3 = 3*t, 3*t - 11 = 5*l + 32. What is the remainder when h(n) is divided by t?
5
Let n be 4/2 - (-88 - -1). Suppose 5*a + n - 14 = 0. Let m = 36 + a. What is the remainder when 59 is divided by m?
17
Let f(o) = -o**3 + 7*o**2 + 3*o + 5. Let y(h) = 15*h**2 - 2*h + 17. Let q be y(4). Let l = 350 - q. What is the remainder when l is divided by f(7)?
23
Suppose 4 = 2*m - 4*w, 2*w = 3*m - 2*w - 6. Suppose 50 = 2*s - m*r, -2*r + 77 - 7 = 4*s. What is the remainder when (-54)/144 + 1107/8 is divided by s?
18
Suppose 0 = 2*k - 34 - 2. Let c = 85 - 26. What is the remainder when c is divided by k?
5
Suppose -145*g + 140*g + 1105 = 0. What is the remainder when g is divided by 75?
71
Let b be 40/12 + 14/21. Suppose 4*o - 53 = -d - 13, -5*d - 64 = -b*o. What is the remainder when 52 is divided by o?
8
Let v(u) = -u**3 + 114*u**2 - 435*u - 6. Let h be v(4). Let r(a) = -17*a. Let d be r(-3). Let q = d - h. What is the remainder when q is divided by 19?
18
Let f = 8 - -320. Suppose -2*n + f - 68 = 0. Suppose -4*t + 26 = y - t, -5*y + n = -3*t. What is the remainder when y is divided by 8?
2
Suppose 4*m = -5*k + 4528, m + 23*k - 1117 = 18*k. What is the remainder when m is divided by 44?
37
Suppose -25*b + 26*b - 25 = 0. Let f = b + -15. Calculate the remainder when f is divided by 10.
0
Suppose -8936 + 42802 = 391*g - 542. Calculate the remainder when g is divided by 1/(-2) + (-117)/(-6).
12
Suppose -202*x + 233*x - 9611 = -435. Calculate the remainder when x is divided by 37.
0
Let p(v) = v**3 - 12*v**2 + 9*v + 7. Let z be p(11). What is the remainder when 1 + (-3)/(-2)*(-520)/z is divided by 27?
26
Let n(p) = 27*p + 22. Let t be n(3). Let u = t + -86. What is the remainder when 48 is divided by u?
14
Let q(y) = 3*y**2 - 10*y + 5. What is the remainder when q(4) is divided by ((-76)/(-16) + -1)/(6/16)?
3
Let b(r) = -r**2 + 47*r + 35. Calculate the remainder when b(5) is divided by 7.
0
Let w(j) = -j**3 - 12*j**2 - 13*j - 12. Suppose 38 + 9 = -5*m - 2*q, 3*m = 3*q - 45. Let x = 61 + -34. Calculate the remainder when x is divided by w(m).
7
Suppose -11*s + 90 = -s. Let y = 5 - 27. Calculate the remainder when (0 - y)/(2/3) is divided by s.
6
Suppose -5*j - 65 = -6*j + l, 3*l + 59 = j. Calculate the remainder when 345 is divided by j.
5
Let z(y) = -y**3 - 51*y**2 + 50*y - 78. Calculate the remainder when 1792 is divided by z(-52).
24
Let f = -148 - -154. Suppose f = -2*b, -k = -3*b - b - 74. What is the remainder when k is divided by 36?
26
Suppose 0 = 5*t - 347 - 508. Calculate the remainder when t is divided by 46.
33
Let g = -38 - -43. Let r(z) = -19*z**2 + 14*z - g*z + 21*z**2. Calculate the remainder when 7 is divided by r(-5).
2
Suppose 4*u - z + 0*z = 3645, -u = 4*z - 907. Suppose -u = -20*x + 5029. Calculate the remainder when x is divided by 100.
97
Let p = -68957 + 68980. Let f(g) = -3*g - 3. Let q be f(-2). Suppose -2*u = -h - 21, 0 = q*h - 9. Calculate the remainder when p is divided by u.
11
Let b be 18*(-4 - 3)*1/(-2). What is the remainder when b/3*(-8)/(-6) is divided by 6?
4
Let i(a) = -3*a**3 + 61*a**2 - 168*a - 2. Calculate the remainder when i(11) is divided by 764.
10
Suppose 0 = 3*d + 9, -4*m = -3*d - 323 - 54. Let r = m - 83. What is the remainder when 76 is divided by r?
4
Let c(s) = 4*s**2 + 2*s - 2. Let h be c(1). Suppose -52 = m - 5*m. Suppose -h*q = -m - 55. Calculate the remainder when q is divided by 11.
6
Let p = 11621 + -11604. What is the remainder when 1787 is divided by p?
2
Let u = -715 - -944. What is the remainder when u is divided by 21?
19
Suppose 55*z - 120659 = -22*z. Calculate the remainder when z is divided by 157.
154
Let f = 3810 + -3594. What is the remainder when f is divided by 106?
4
Let m = -781 - -963. What is the remainder when m is divided by 57?
11
What is the remainder when 1348 is divided by ((-76)/(-7))/((-36)/84)*-6?
132
Let y = 340310 + -340297. Calculate the remainder when (2 - -71) + -1 + 2 is divided by y.
9
Let a be (-52)/(-44) + 4/(-22). Suppose -3*d = 2*k - 81, k - 2*d + 0*d - 37 = 0. What is the remainder when (a - -15)/(3/36) is divided by k?
36
Let c = 5190 - -924. Calculate the remainder when c is divided by 139.
137
Suppose 0 = -4*d + 19*d + 9*d - 20808. What is the remainder when d is divided by 286?
9
Suppose 4*b - 4*k + 2*k = 490, -